t are the prime factors of w?
2, 3, 17, 331
Suppose -16*l + 47*l - 153467 = -52*l. What are the prime factors of l?
43
Let s = 3851 + 2886. What are the prime factors of s?
6737
Suppose 4*n - 3737 = f + 2477, 2*n + 3*f - 3100 = 0. Suppose -6*g + 985 = -n. What are the prime factors of g?
3, 47
Suppose q + 5 = z, 16 = 4*z + 3*q - 8*q. Suppose -5667 = z*h - 15648. List the prime factors of h.
1109
Suppose 6*g + 1796 = -544. Let z = -669 - g. List the prime factors of 4*(z/(-6))/3.
2, 31
Let j(l) be the second derivative of 11*l**4/12 - 7*l**3/6 - 9*l**2/2 - 60*l + 11. Let a = 2 + 2. What are the prime factors of j(a)?
139
Let o(j) = -j**3 - 17*j**2 - 5*j - 25. Let h = 136 - 153. Let c be o(h). Suppose -855 = -4*q - b, 5*q + 2*b = c + 1011. List the prime factors of q.
3, 71
Let x(w) = w**3 - 4*w**2 - w. Let d be x(4). Let r(u) = -55*u**2 - 69*u**2 + 201*u**2 - 68*u**2 - 3*u. What are the prime factors of r(d)?
2, 3, 13
Let f(v) = 87*v**2 + 42*v + 240. List the prime factors of f(-8).
2, 3, 19
Suppose 2*l + 4*h = -l + 107, -163 = -5*l + h. Let f = 33 - l. Suppose -14*m + 16*m - 190 = f. What are the prime factors of m?
5, 19
Suppose -57*z + 1931881 = 602344 - 1211466. What are the prime factors of z?
44579
Let m(w) = -5529*w - 174. List the prime factors of m(-1).
3, 5, 7, 17
Let q(r) = -7*r**2 - 2*r**3 + r**2 - 54*r + 4*r**3 - 9 + 38*r. What are the prime factors of q(8)?
503
Suppose 3*o - 89728 = 5*t, -3*o - t + 110651 = 20953. What are the prime factors of o?
3, 9967
Let k(f) = 3*f + 18. Let c be k(-6). Let b be 4*10 - (c - 5 - -4). Let d = b - -21. List the prime factors of d.
2, 31
Suppose 3*v = 4*v - t, 0 = 3*v + 3*t - 6. Let h(d) = -6*d**2 - 6*d**2 - 9*d**2 + 4 + 3*d**2 + 103*d**3 + 17*d**2 - 4*d. What are the prime factors of h(v)?
2, 3, 17
Let p(f) be the third derivative of -3*f**4/2 + 67*f**3/3 + 21*f**2 - 2*f. List the prime factors of p(-20).
2, 7, 61
Suppose 13 = 4*k + 5. Let b(q) = 4*q**2 - q - 2. Let f be b(k). What are the prime factors of (-195)/(-4) + f/(-16)?
2, 3
Suppose -27*l + 25*l = -6. Suppose -l*c + 285 = -4*g - 731, 5*c + 2*g - 1702 = 0. What are the prime factors of c?
2, 5, 17
Let i = 9401 + 1451. List the prime factors of i.
2, 2713
Let r be (-4*3)/(-6) + (0 - 0). Suppose r*x = -2*h + 8, -5 = -2*h + x - 0*x. Suppose -h*o = o - 180. What are the prime factors of o?
3, 5
Let u(q) = -433*q + 1798. Let l be u(4). Let w be 44/10 + 4/(-10). Suppose -4*d - 5*c + l = 0, -w*c + 49 = 4*d - d. What are the prime factors of d?
19
Let g(m) = m + 111. Let f(z) = -z - 220. Let u(d) = 6*f(d) + 13*g(d). List the prime factors of u(11).
2, 5
Suppose 0 = -4*o + 5*y + 28, 24 = 3*o - 3*y - 0. Let b be 15/(-10)*(-16)/o. Suppose 3*q - 2*h = 386, -4*h + 380 = b*q + q. What are the prime factors of q?
2
Let s(x) = x**2 + 6*x - 15. Let i be s(3). List the prime factors of (-6 + 2331/i)*8/6.
251
Suppose u = 2*u + 53. Suppose -239 = 5*j - 3*d - 20, d - 45 = j. Let x = j - u. List the prime factors of x.
11
Let a(v) = -v**3 - 17*v**2 - 16*v - 4. Let w(u) = u**3 - 5*u**2 - 6*u - 17. Let k be w(6). Let m = k + 0. What are the prime factors of a(m)?
2, 67
Let g = 32378 + 6938. List the prime factors of g.
2, 9829
Let h(i) = 20*i**2 + 27*i + i**3 - 11095 + 11095. List the prime factors of h(-15).
2, 3, 5
Suppose -125*j + 23436 = -89*j. List the prime factors of j.
3, 7, 31
Suppose 2*y - 4*w - 6 = 32, 23 = y - 4*w. Suppose -4*h = h - y. Suppose h*q + 4*x - 6*x - 10 = 0, -2*q = 4*x - 28. What are the prime factors of q?
2, 3
Let n be (-102)/(-15) + -5 - (-2)/10. Suppose -3*q + 15 = 0, -n*l + 245 = 3*l + 4*q. What are the prime factors of (-4)/(-2)*(-4)/((-40)/l)?
3
Suppose -3*g + 546 = -3*i, -52*i + 162 = g - 48*i. List the prime factors of g.
2, 89
What are the prime factors of (-7*(-16540)/(-70))/(4/(-26))?
13, 827
Let j(g) = 136*g + 2*g**2 + 10 - 272*g + 143*g. Let z be j(-18). Let d = -304 + z. List the prime factors of d.
2, 3, 19
Let a(z) = -z**2 + 173*z + 182. What are the prime factors of a(63)?
2, 7, 127
Let r(m) = -2*m**2 - 7 + 2*m**2 + 2*m**3 - 4*m + 2*m**2 - 6. List the prime factors of r(4).
131
Let l(z) = 1236*z + 13. Let q be l(2). Suppose -4*k + 1984 = 4*b, k + 4*k - q = -4*b. List the prime factors of k.
3, 167
Let u(m) = -4*m - 16. Let r be u(12). Let z = r - -59. What are the prime factors of z/15 + 1/((-6)/(-218))?
2, 3
Let s be -47 - (-3 + 48/6). List the prime factors of (-17615)/s + ((-2)/8)/(-1).
3, 113
Let f(h) = h**2 + 14*h - 2. Suppose -3*l - 45 = 3. Let z be f(l). List the prime factors of ((-1)/(-3))/(z/14490).
7, 23
Suppose -3*r = m - 2*m - 3, 3 = -4*m + 3*r. Suppose 5*a + 5*x = 175, 5*a - x + 2*x - 155 = m. What are the prime factors of a?
2, 3, 5
Let d(g) = -g. Let z(s) = -37*s - 80. Let i(h) = 4*d(h) + z(h). List the prime factors of i(-7).
3, 23
Let k(p) = 40*p - 18. Let l be k(1). Suppose 152 = -l*x + 438. What are the prime factors of x?
13
Suppose 2*a - 5 = -p + 8, -5*a + 30 = 3*p. List the prime factors of ((-42)/a)/7*-402.
2, 67
Let z be 0 + -509 + 78/(-13). Let b = z - -883. What are the prime factors of b?
2, 23
List the prime factors of 46251/1 + -30 + 14 + 14.
7, 6607
Let n = 7748 - -2936. What are the prime factors of n?
2, 2671
Suppose -4*y - q = 83, -4*y - 92 + 15 = -q. Let o(s) = 2*s**2 + 17*s + 47705 - s**2 - 47702. List the prime factors of o(y).
3, 7
Let f(j) = -j**3 - 23*j**2 - 2*j - 39. Let o be f(-23). Let u be (-15930)/(-36)*1*2. Suppose -o*b + 12*b = u. List the prime factors of b.
3, 59
Suppose -4*p + 2*i = -45418, -i - 15 = -14. List the prime factors of p.
2, 7, 811
Let u(z) = z**3 - 8*z**2 - 8*z - 4. Let c be u(9). Suppose 6*x - 486 = 2*x - g, -612 = -c*x + g. What are the prime factors of x*4/8 - -1?
2, 31
Suppose -3 - 4 = 7*n. Let c(f) = f + 4. Let s be c(n). List the prime factors of -324*1/(-6)*s.
2, 3
Suppose 0 = -2*h - 3*z + 46 + 3, -z = 4*h - 83. Suppose 15*b = h*b - 1765. List the prime factors of b.
353
Let b(c) = -5*c**2 - 8*c - 1. Let s be b(-4). Let i = 49 + s. What are the prime factors of 120*(-3 - (1 + i) - -6)?
2, 3, 5
Suppose -2*p = 9 - 3, -4 = -5*y - 2*p. Suppose -y*d = -6*d + 2744. Suppose 0 = -8*i + 178 + d. List the prime factors of i.
2, 3
Let a(l) = 81*l**2 - 14. Let v be a(7). Suppose 11*i = 16*i + 4*q - v, -2*q = -i + 805. List the prime factors of i.
3, 5, 53
Suppose 4*c - 5*h - 6125 = 0, 4*c - 43*h = -40*h + 6115. What are the prime factors of c?
5, 61
Let f = 95 + -91. Suppose y = 4, f*y + 8 = -x + 27. List the prime factors of x.
3
Let z = 436 - 451. What are the prime factors of (10/z)/(8/(-5904))?
2, 3, 41
Suppose 0 = b - 4*j - 4408, 5*b + 4424 = 5*j + 26434. What are the prime factors of b?
2, 5, 11
Let v be (878/(-1))/(-1 + 3). Let t = -148 - v. What are the prime factors of t?
3, 97
What are the prime factors of 4 - (-247)/(-91) - (-657042)/21?
67, 467
What are the prime factors of -6 + 0 + 26962 - (36 + -45)?
5, 5393
Let a(g) = -828*g**3 + g**2 - 2*g - 2. Let c be a(-1). Let p = -556 + c. List the prime factors of p.
3, 7, 13
Let i(b) = b**2 - 20*b + 19. Let c be i(19). Suppose -2*o = -34*u + 39*u - 2391, c = 2*u - 3*o - 945. List the prime factors of u.
3, 53
Let u(x) = 4*x**2 - 269*x - 218. Let n(j) = -j**2 + 67*j + 54. Let g(t) = 9*n(t) + 2*u(t). What are the prime factors of g(27)?
2, 269
Suppose 17*v - 5*v + 60 = 0. What are the prime factors of 4/(v/(-7770)*7)?
2, 3, 37
Suppose p + 17126 = 2*y, -18*y - 8541 = -19*y - 5*p. What are the prime factors of y?
7, 1223
Let f(m) = 5*m - 24. Suppose -10 - 56 = -3*j. What are the prime factors of f(j)?
2, 43
Let b = -12506 + 14406. What are the prime factors of b?
2, 5, 19
Suppose -4*m + 3*v + 16668 = -3184, 5*m + v = 24796. List the prime factors of m/15 - (0 - 12/(-18)).
2, 3, 5, 11
Let z(y) be the first derivative of 52*y**2 + 13*y - 302. List the prime factors of z(5).
13, 41
Let q(a) = 3*a**2 + 15*a + 29. Suppose -3*x = 3*h - 0*x + 51, 5*h + 85 = 5*x. List the prime factors of q(h).
641
Let t = -138 + 282. Let g = -70 + t. Suppose 240 = g*v - 72*v. List the prime factors of v.
2, 3, 5
Let n = -275 - -280. Suppose -2*t + 268 + 47 = 5*a, 3*t - 470 = -n*a. List the prime factors of t.
5, 31
Let m = 11 - 9. Let p be 5 + 0 - (m - 1). Suppose -2*j + 56 = -p*h, -2*j + 3*h - 179 = -7*j. What are the prime facto